
Does 354 divide 637342662?
True
Is 682129253 a multiple of 13?
True
Is 15429248 a multiple of 32?
True
Is 39 a factor of 2844839244?
True
Does 20 divide 1193680440?
True
Is 910742138 a multiple of 7822?
False
Does 49 divide 5967906?
True
Is 3750596417 a multiple of 1291?
True
Does 14 divide 738077177?
False
Is 374633251 a multiple of 14?
False
Is 1463 a factor of 1349465348?
True
Is 7 a factor of 13283081?
True
Is 8 a factor of 144883645?
False
Does 94 divide 78824375?
False
Is 71 a factor of 1442649?
True
Does 26 divide 38445550?
True
Does 488 divide 580038264?
True
Does 10 divide 821913072?
False
Does 12 divide 54057996?
True
Is 63406328 a multiple of 685?
False
Is 19 a factor of 63196318?
True
Does 16 divide 352660441?
False
Is 9020 a factor of 3679754100?
True
Is 13680600 a multiple of 8?
True
Is 1678 a factor of 113345346?
False
Does 1966 divide 408550528?
True
Does 181 divide 622121797?
True
Does 18 divide 24832908?
True
Does 7 divide 128725009?
True
Is 45225607 a multiple of 1767?
False
Is 15 a factor of 138997320?
True
Is 5786942 a multiple of 14?
True
Is 200 a factor of 105665400?
True
Does 3 divide 2946005?
False
Does 13645 divide 588372400?
True
Is 21066288 a multiple of 114?
True
Is 2631 a factor of 479218563?
False
Is 6166350072 a multiple of 4248?
True
Is 658 a factor of 25658052?
True
Is 2448 a factor of 26898458?
False
Is 319365916 a multiple of 53?
True
Is 155 a factor of 37153500?
True
Does 10 divide 6126200?
True
Is 361 a factor of 15172145?
False
Is 3555 a factor of 672611876?
False
Is 441538110 a multiple of 4029?
True
Is 30 a factor of 1187059467?
False
Is 51093919 a multiple of 8?
False
Is 13445114 a multiple of 527?
False
Is 95137899 a multiple of 782?
False
Is 3718 a factor of 2350950888?
True
Is 2792927764 a multiple of 57?
False
Is 380 a factor of 2675718320?
True
Does 7261 divide 2763806677?
False
Is 365528056 a multiple of 291?
False
Is 747846540 a multiple of 11556?
True
Is 123874920 a multiple of 2595?
True
Is 1491 a factor of 143347722?
True
Is 225510 a multiple of 15?
True
Is 3615223849 a multiple of 167?
True
Is 156667510 a multiple of 5?
True
Is 3166 a factor of 377725962?
True
Is 33389446 a multiple of 6089?
False
Is 28 a factor of 128690221?
False
Is 2617 a factor of 474464717?
True
Is 4762190807 a multiple of 7909?
True
Is 23789116 a multiple of 2197?
True
Does 22 divide 25190617?
False
Is 2360 a factor of 601221800?
True
Does 8 divide 227528912?
True
Is 17791094 a multiple of 736?
False
Is 42834588 a multiple of 17?
False
Is 105 a factor of 1132946850?
True
Is 216317947 a multiple of 19?
False
Is 120 a factor of 5030640?
True
Does 156 divide 1368382860?
True
Is 220200274 a multiple of 1526?
True
Is 154915512 a multiple of 114?
True
Is 19 a factor of 83891403?
True
Is 647331824 a multiple of 76?
True
Is 53 a factor of 82401392?
False
Is 8357716 a multiple of 4?
True
Is 3 a factor of 38272749?
True
Is 221 a factor of 650109291?
True
Is 2510 a factor of 1365706307?
False
Is 738906156 a multiple of 54?
False
Does 536 divide 18008315?
False
Is 1829 a factor of 31233833?
True
Is 19 a factor of 516800?
True
Does 105 divide 15535839?
False
Is 164 a factor of 1089124?
True
Is 250727515 a multiple of 95?
True
Is 292 a factor of 105371996?
True
Is 39 a factor of 196973453?
False
Is 2023 a factor of 27713739?
False
Does 616 divide 106073776?
False
Is 3775816898 a multiple of 218?
True
Is 385184392 a multiple of 40?
False
Does 577 divide 68223956?
False
Does 214 divide 13534022?
False
Is 263 a factor of 103858528?
False
Is 61 a factor of 115436888?
True
Is 193191017 a multiple of 18?
False
Is 403811196 a multiple of 116?
True
Is 772442 a multiple of 51?
False
Is 123 a factor of 46072895?
False
Is 29984080 a multiple of 280?
True
Does 13 divide 1191230469?
True
Is 456 a factor of 431387035?
False
Is 154 a factor of 1426810?
True
Is 72341876 a multiple of 18?
False
Is 2608241785 a multiple of 673?
True
Is 2160 a factor of 3090960?
True
Is 9944753 a multiple of 1339?
True
Is 6471126 a multiple of 6?
True
Is 3950792465 a multiple of 23?
False
Does 15 divide 83904735?
True
Does 1446 divide 120029568?
True
Does 712 divide 188002176?
True
Is 172 a factor of 300092795?
False
Is 969419708 a multiple of 12?
False
Does 16 divide 1591248?
True
Is 39 a factor of 42285828?
True
Is 570528 a multiple of 18?
True
Is 38079251 a multiple of 161?
False
Is 20 a factor of 163353338?
False
Is 459 a factor of 1080584810?
False
Is 523 a factor of 28087192?
True
Is 188 a factor of 88340844?
False
Is 79083200 a multiple of 25?
True
Is 7915341 a multiple of 3?
True
Is 58 a factor of 2377462688?
True
Is 636 a factor of 1180397?
False
Is 372 a factor of 29034189?
False
Does 16 divide 280394151?
False
Is 23 a factor of 58619987?
False
Does 395 divide 373895438?
False
Does 202 divide 453261?
False
Is 2493378713 a multiple of 12120?
False
Is 222036819 a multiple of 1510?
False
Is 34 a factor of 38696470?
False
Is 706 a factor of 42911386?
True
Is 63 a factor of 339563641?
False
Is 486131493 a multiple of 4890?
False
Is 46683124 a multiple of 6?
False
Is 14 a factor of 225372?
True
Is 13933 a factor of 5158832580?
True
Is 5457 a factor of 136457742?
True
Is 2016 a factor of 339288339?
False
Is 40168842 a multiple of 42?
True
Is 30 a factor of 241480800?
True
Is 85669898 a multiple of 3?
False
Is 312991119 a multiple of 381?
True
Does 49 divide 42654745?
True
Is 293 a factor of 1264854630?
True
Is 12 a factor of 634712460?
True
Is 698 a factor of 38431880?
True
Is 134230442 even?
True
Does 447 divide 28821219?
True
Is 24 a factor of 581618184?
True
Does 30 divide 3445277580?
True
Is 355887340 a multiple of 49?
False
Does 96 divide 227121888?
True
Does 34 divide 6090420?
True
Is 5414372238 a multiple of 121?
True
Is 1646822982 a multiple of 2306?
True
Is 11 a factor of 30160985?
False
Is 199 a factor of 127978230?
False
Does 1414 divide 85890019?
False
Is 859 a factor of 195290214?
True
Does 128 divide 4599168?
True
Is 278 a factor of 100622100?
True
Is 62668048 a multiple of 424?
True
Is 789643942 a multiple of 13?
False
Does 2399 divide 43817735?
True
Is 540173238 a multiple of 1006?
False
Is 11918566 a multiple of 634?
True
Is 90 a factor of 1160730?
True
Does 31 divide 19091861?
False
Is 23 a factor of 9817780?
True
Is 20 a factor of 205295954?
False
Does 29 divide 402552818?
False
Is 730 a factor of 4027194134?
False
Is 747238225 a multiple of 258?
False
Is 673875 a multiple of 25?
True
Is 232934485 a multiple of 245?
True
Is 66255798 a multiple of 101?
True
Is 176 a factor of 921100707?
False
Does 1783 divide 11776715?
True
Is 7 a factor of 207504327?
False
Is 120 a factor of 123150331?
False
Is 16 a factor of 27884496?
True
Does 3052 divide 3619365022?
False
Is 534431902 a multiple of 64?
False
Does 115 divide 131830365?
True
Does 22 divide 26368833?
False
Is 21 a factor of 19960415?
False
Does 3562 divide 2490511218?
True
Is 8 a factor of 40951075?
False
Is 332 a factor of 69301088?
False
Is 100 a factor of 290466300?
True
Is 830687995 a multiple of 151?
True
Does 4 divide 15440700?
True
Is 17027738 a multiple of 14?
True
Is 130 a factor of 4704755?
False
Is 6360409 a multiple of 293?
False
Is 1429112550 a multiple of 4?
False
Does 4 divide 479419360?
True
Does 340 divide 558479920?
True
Is 1907107 a multiple of 3775?
False
Is 582357700 a multiple of 2300?
True
Is 949 a factor of 497084302?
True
Is 41 a factor of 347699925?
False
Does 190 divide 24385383?
False
Does 466 divide 1353530552?
True
Is 546234 a multiple of 47?
True
Is 38 a factor of 5665556154?
True
Is 3 a factor of 717522416?
False
Is 8742366 a multiple of 63?
False
Is 37 a factor of 237070766?
True
Is 10 a factor of 15336340?
True
Is 11 a factor of 1065274353?
True
Does 2 divide 102209775?
False
Is 499 a factor of 998998998?
True
Is 70 a factor of 1952419998?
False
Is 1092 a factor of 21002436?
True
Does 34 divide 886297516?
True
Does 40 divide 25748863?
False
Is 1197618350 a multiple of 155?
True
Is 94962209 a multiple of 164?
False
Is 94 a factor of 2109789217?
False
Does 2265 divide 458847757?
False
Does 16 divide 96974319?
False
Is 15571275 a multiple of 15?
True
Is 26612685 a multiple of 27?
True
Is 302 a factor of 167249714?
True
Is 44 a factor of 41006460?
True
Is 11894